ppose -3*t + 8*t - u = 0. What is the tens digit of t?
5
Let h(z) = -3*z + 1. Let x be h(-1). Let i(v) be the first derivative of 3*v**2/2 + 26*v - 238. What is the tens digit of i(x)?
3
Let v = -3186 + 11621. What is the thousands digit of v?
8
Let f(g) = -1581*g - 9. Let p be f(-3). Suppose 13*x = p + 102. What is the hundreds digit of x?
3
Let l(b) = b**3 + 7*b**2 - b + 8. Suppose -2*a = -3*v + 53, v - a - 36 = -4*a. Suppose 2*u + q - v = 5*u, 0 = q. What is the units digit of l(u)?
5
Let u(f) = 3*f**2 + 19*f - 10. Let r be u(-12). Let k = r + -188. What is the units digit of k?
6
Suppose -89*h + 182*h + 252*h - 10653255 = 0. What is the thousands digit of h?
0
Let v(n) = -n**3 - 4*n**2 - 16*n + 5. Suppose 0 = -u - 5*q - 8, 30*u - 33*u + 4*q - 5 = 0. What is the units digit of v(u)?
4
Let r(b) = -4 - 9 + 54*b + 26*b + 46*b. What is the hundreds digit of r(3)?
3
Suppose -25*f - 33568 = -z - 23*f, 5*f = 4*z - 134254. What is the tens digit of z?
5
What is the tens digit of (370624/12)/8 - 3*8/(-18)?
6
Suppose -2*w - 467 = -0*i - i, 2*w + 5*i = -473. Let a = 116 - w. Suppose 0 = 5*h + 3*z - 7*z - a, 0 = -2*z + 10. What is the tens digit of h?
7
Let n be -1*(1 + -6 + -9929). Suppose 3578 = 12*r - n. What is the thousands digit of r?
1
Let t(w) = 88*w - 486. What is the tens digit of t(90)?
3
Let r(c) = 17*c**2 - 26 + 44*c + 15 + c**3 + 4. What is the tens digit of r(-13)?
9
Let q(s) = 51*s**3 - 20*s**2 - 72*s + 229. Let h(x) = -17*x**3 + 7*x**2 + 24*x - 78. Let r(i) = 11*h(i) + 4*q(i). What is the tens digit of r(2)?
3
Let w(f) be the first derivative of 3*f**4/2 - 5*f**3/3 + 15*f**2/2 - 16*f - 86. What is the hundreds digit of w(5)?
6
Suppose -2581835 = 179*o - 334*o. What is the units digit of o?
7
Let k(h) = 164*h**2 - 81*h - 59. What is the ten thousands digit of k(-14)?
3
Let v(n) = -n**3 + 16*n**2 - 2*n + 30. Let c be v(16). Let w be (c*1)/(0 - (-6)/(-24)). What is the tens digit of 5/(-20) + (-22)/w + 112?
0
Suppose -3*x + 131 = 8. Suppose 889*n + 717 + 267 = 901*n. Let s = n - x. What is the units digit of s?
1
Suppose 6*s = -3*a + 19*s + 83203, -s + 55488 = 2*a. What is the tens digit of a?
4
Suppose 0 = -19*z + 8432 + 19688. Suppose -33*x = -28*x - z. What is the hundreds digit of x?
2
Suppose 0 = -22*s + 12*s + 11*s - 11514. What is the hundreds digit of s?
5
Suppose 22245 = -22*j - 261. What is the hundreds digit of (-1 + 31)/(j/171 + 6)?
7
Suppose 1152 = 4*n + u, n = 9*u - 6*u + 288. Let v = -169 + n. What is the hundreds digit of v?
1
Suppose -b + 8590 = 2*f - 39969, -97121 = -4*f - 3*b. What is the thousands digit of f?
4
Let q = 12662 + 2232. What is the thousands digit of q?
4
Let f = 46123 + -31592. What is the thousands digit of f?
4
Suppose -35*a = -31*a + 3*o - 71381, -2*o = -4*a + 71366. What is the hundreds digit of a?
8
Let o(q) = -q**3 - 8*q**2 - q - 6. Let i be o(-8). Suppose -5 - i = -k. Let r = 147 + k. What is the hundreds digit of r?
1
Let p(d) = 169*d**3 - 2*d**2 + 22*d - 6. What is the tens digit of p(3)?
0
Suppose -41108 + 743212 = 43*a. What is the thousands digit of a?
6
Suppose 4*c - 108 = 2*f + 4, -3*c - 2*f + 98 = 0. Suppose -10 + c = 10*r. Suppose 5*t = -r*d + 343, -t = 3*d - 3*t - 486. What is the tens digit of d?
6
Suppose 111 + 77 = 4*l. Let x be (8 - 3 - 5)/(-9 - -7). Suppose x = a - 7*s + 2*s - l, -5*a = -5*s - 315. What is the units digit of a?
7
Suppose 20*k - 223497 = -2*k + 83953. What is the ten thousands digit of k?
1
What is the hundreds digit of (-2754)/(-8 + 5) + 4 + 0?
9
Suppose 26*x = -76*x + 4778190. What is the tens digit of x?
4
Let c(p) be the first derivative of -p**4/12 + 4*p**3/3 + 2*p**2 + 40*p - 45. Let j(u) be the first derivative of c(u). What is the tens digit of j(5)?
1
Let m be (6/(-5))/(-2)*5. Suppose 4*n = g + 8 + 2, -15 = -3*g - m*n. Suppose -63 = -u + c, -3*u - 4*c = g*u - 351. What is the tens digit of u?
6
Suppose t + 3*i = -2*t - 3, -3*i = -5*t + 3. Let c(y) = y**2 + 2. Let q be c(t). Let b = q - -17. What is the units digit of b?
9
Let r = 4731 + 13. What is the tens digit of r?
4
Suppose -5*d + 0 = -20. Suppose 5*s = -d*h + 1106, -4*s - 3*h = -122 - 763. What is the units digit of s?
2
Let j(f) = -2*f**2 - 22*f + 40. Let x be j(9). Let y = x - -702. What is the hundreds digit of y?
3
Suppose 0 = -6*o - 1138 + 1186. Let i(u) = 4*u**3 - 3*u**2 - 12*u - 11. What is the hundreds digit of i(o)?
7
Suppose 2*g + 123 = 111. Let r(h) = -77*h - 129. What is the hundreds digit of r(g)?
3
Let f(v) = -8*v. Suppose -2*k - 6 = 4*k. Let w be f(k). Suppose z = -2*z + 5*s + 118, 0 = 4*s + w. What is the units digit of z?
6
Suppose 23*v + 52079 = 42*v. What is the thousands digit of v?
2
Let z be (-4)/10*5 + 353*11. Let t = z + -2635. What is the tens digit of t?
4
Let c = 179 - 177. Suppose c*u - 5*j = 1520 + 429, 5*u - 4815 = j. What is the tens digit of u?
6
Let v(d) = -8*d - 10*d + 17 + 3*d - 2. Let j be v(-19). Suppose 0 = 2*b - j + 122. What is the tens digit of b?
8
Let u(l) = 6*l + 101. Let s be u(17). Let m = s - 74. What is the units digit of m?
9
Suppose -5*t - z + 3*z + 25 = 0, 2*t - 4*z - 10 = 0. Suppose 0 = 12*m - 3*m - 459. Suppose -g - 3*g = 3*i - m, -5*g + 20 = -t*i. What is the units digit of g?
9
Suppose 0 = -3*r + 5 + 13. Suppose -m = -7*m + r. What is the hundreds digit of m*238 + (-24)/8?
2
Suppose -2*l - 4*r - 12 = 0, 16*r - 11*r = -3*l - 14. Suppose -2*n + 3*q = -1133, 8*n - l*q = 7*n + 567. What is the units digit of n?
5
Let z be (0 - 14/(-8)) + 5/20. What is the units digit of ((-547)/z)/(((-3)/(-1))/(-6))?
7
Suppose -134*y + 135*y - 320 = 0. Suppose 2*o = y + 588. What is the units digit of o?
4
What is the tens digit of 4*2029/2 + 1/(5/(-25))?
5
Suppose -941642 = -27*c - 338698 + 997535. What is the tens digit of c?
7
Suppose 544053 - 77328 = 75*b. What is the thousands digit of b?
6
Let z(i) = -20*i - 220. Let s be z(-11). Suppose s = 2*a, -15*a + 17*a - 3655 = -5*g. What is the units digit of g?
1
Suppose -4*s = b + 2026, -b = 4*s + b + 2024. Let v = -211 - s. What is the tens digit of v?
9
Suppose 8*f - 50439 = -4023. What is the hundreds digit of f/26 + (-2)/13?
2
Let c be ((-2)/6)/(2/(-12)). Let m(k) = -k**3 - 4*k**2 + 12*k + 27 - 10*k**c - 29. What is the units digit of m(-15)?
3
Let h = -711 + 1436. Suppose 0 = -4*k + 1131 + h. What is the hundreds digit of k?
4
Let q = -748 + 744. What is the hundreds digit of (-15650)/75*6/q?
3
Let k(y) = -245*y - 944. What is the tens digit of k(-91)?
5
Suppose 97*i + 86*i - 2805288 = 4*i. What is the tens digit of i?
7
Suppose -2*d + 25237 = p, -36*d + 34*d = 5*p - 25249. What is the ten thousands digit of d?
1
Let k(a) = 3*a**2 - 26*a - 73. Let m be k(25). Let b = -727 + m. What is the tens digit of b?
2
Suppose 199*x + 116896 = 303*x. What is the hundreds digit of x?
1
Let t be 546/22 - 72/(-396). Suppose -t*z = -2037 - 5013. What is the hundreds digit of z?
2
Suppose 2*r - 8 = -6. Let j(f) = 2*f**2 + 2*f - 2. Let l be j(r). Let o(i) = 31*i**2 - 3*i + 5. What is the units digit of o(l)?
3
What is the thousands digit of (0 + (-39)/(-6) - -1)*118508/159?
5
Suppose 6*d + 772 = 2*w, 0*w + d = 2*w - 762. Let t(h) = -621*h**3 + h. Let b be t(-1). Let x = b - w. What is the hundreds digit of x?
2
Suppose 0 = 3*v + 4*v - 2611. Suppose 627 = -5*p + 3*o + 1607, 5*o = 2*p - v. Suppose -21 = -2*s + p. What is the units digit of s?
0
Suppose -15*f + 34709 = 16*f - 360045. What is the hundreds digit of f?
7
Let m(b) = -b**2 + 24*b + 3. Let o be m(22). Let t = o - 43. Suppose f - t*f = -282. What is the tens digit of f?
9
Suppose 0 = o + 4, -3*o - 1010 = 5*p + 1892. Let c = p + 1084. Let h = -352 + c. What is the units digit of h?
4
Suppose -5*k + 176 = -439. Let f(c) = -c**3 - 63*c**2 + 125*c - 80. Let y be f(-65). Suppose 2*n = y + k. What is the tens digit of n?
8
Let c = 23 - 21. Suppose c*d + 329 = -3*w - 119, 446 = -3*w - 4*d. What is the units digit of (-3 + 3)/5 - w?
0
Let d = -53 + 50. Let g = d + 0. What is the units digit of -5 - g - (-316)/2?
6
Let n = 377 - 374. Suppose -n*x + 1216 = 2*d - 979, -2*d - 5*x + 2197 = 0. What is the hundreds digit of d?
0
Let v(c) = 5*c + 34. Let i be v(-6). Let z(o) = -18 - 3*o + 151 + 3*o + i*o. What is the tens digit of z(0)?
3
Let s(v) = -15*v - 10 + 1 - v - 1. Suppose 6*b - 